{"id":2549,"date":"2026-01-09T10:39:05","date_gmt":"2026-01-09T08:39:05","guid":{"rendered":"https:\/\/www.hissforbundet.se\/?post_type=event&#038;p=2549"},"modified":"2026-01-09T10:39:05","modified_gmt":"2026-01-09T08:39:05","slug":"hissforbundet-deltar-pa-styrelsemassan","status":"publish","type":"event","link":"https:\/\/www.hissforbundet.se\/en\/kalender\/hissforbundet-deltar-pa-styrelsemassan\/","title":{"rendered":"The Swedish Elevator Association participates in the Board Fair"},"content":{"rendered":"<p>The Swedish Elevator Association participates in <a href=\"https:\/\/infogram.com\/1prl1lpnp7d3x2tg2jx39l6936um7k09leq\">Board Fair \u2013 Stockholm Waterfront<\/a> on January 29th with a program item at 4:20 PM \u201dLift safety \u2013 The responsibility rests on the owner\u2019s shoulders.\u201d We also have a booth on site.<\/p>\n\n\n\n<p><\/p>","protected":false},"featured_media":0,"template":"","meta":{"footnotes":""},"acf":[],"yoast_head":"<!-- This site is optimized with the Yoast SEO plugin v22.7 - https:\/\/yoast.com\/wordpress\/plugins\/seo\/ -->\n<title>Hissf\u00f6rbundet deltar p\u00e5 Styrelsem\u00e4ssan - Hissf\u00f6rbundet<\/title>\n<meta name=\"description\" content=\"Hissf\u00f6rbundet deltar p\u00e5 Styrelsem\u00e4ssan p\u00e5 Stockholm Waterfront med en monter och en programpunkt om Hiss\u00e4kerhet.\" \/>\n<meta name=\"robots\" content=\"index, follow, max-snippet:-1, max-image-preview:large, max-video-preview:-1\" \/>\n<link rel=\"canonical\" href=\"https:\/\/www.hissforbundet.se\/en\/kalender\/hissforbundet-deltar-pa-styrelsemassan\/\" \/>\n<meta property=\"og:locale\" content=\"en_US\" \/>\n<meta property=\"og:type\" content=\"article\" \/>\n<meta property=\"og:title\" content=\"Hissf\u00f6rbundet deltar p\u00e5 Styrelsem\u00e4ssan - Hissf\u00f6rbundet\" \/>\n<meta property=\"og:description\" content=\"Hissf\u00f6rbundet deltar p\u00e5 Styrelsem\u00e4ssan p\u00e5 Stockholm Waterfront med en monter och en programpunkt om Hiss\u00e4kerhet.\" \/>\n<meta property=\"og:url\" content=\"https:\/\/www.hissforbundet.se\/en\/kalender\/hissforbundet-deltar-pa-styrelsemassan\/\" \/>\n<meta property=\"og:site_name\" content=\"Hissf\u00f6rbundet\" \/>\n<meta name=\"twitter:card\" content=\"summary_large_image\" \/>\n<meta name=\"twitter:label1\" content=\"Est. reading time\" \/>\n\t<meta name=\"twitter:data1\" content=\"1 minute\" \/>\n<script type=\"application\/ld+json\" class=\"yoast-schema-graph\">{\"@context\":\"https:\/\/schema.org\",\"@graph\":[{\"@type\":\"WebPage\",\"@id\":\"https:\/\/www.hissforbundet.se\/kalender\/hissforbundet-deltar-pa-styrelsemassan\/\",\"url\":\"https:\/\/www.hissforbundet.se\/kalender\/hissforbundet-deltar-pa-styrelsemassan\/\",\"name\":\"Hissf\u00f6rbundet deltar p\u00e5 Styrelsem\u00e4ssan - Hissf\u00f6rbundet\",\"isPartOf\":{\"@id\":\"https:\/\/www.hissforbundet.se\/#website\"},\"datePublished\":\"2026-01-09T08:39:05+00:00\",\"dateModified\":\"2026-01-09T08:39:05+00:00\",\"description\":\"Hissf\u00f6rbundet deltar p\u00e5 Styrelsem\u00e4ssan p\u00e5 Stockholm Waterfront med en monter och en programpunkt om Hiss\u00e4kerhet.\",\"breadcrumb\":{\"@id\":\"https:\/\/www.hissforbundet.se\/kalender\/hissforbundet-deltar-pa-styrelsemassan\/#breadcrumb\"},\"inLanguage\":\"en-US\",\"potentialAction\":[{\"@type\":\"ReadAction\",\"target\":[\"https:\/\/www.hissforbundet.se\/kalender\/hissforbundet-deltar-pa-styrelsemassan\/\"]}]},{\"@type\":\"BreadcrumbList\",\"@id\":\"https:\/\/www.hissforbundet.se\/kalender\/hissforbundet-deltar-pa-styrelsemassan\/#breadcrumb\",\"itemListElement\":[{\"@type\":\"ListItem\",\"position\":1,\"name\":\"Home\",\"item\":\"https:\/\/www.hissforbundet.se\/\"},{\"@type\":\"ListItem\",\"position\":2,\"name\":\"Evenemang\",\"item\":\"https:\/\/www.hissforbundet.se\/evenemang\/\"},{\"@type\":\"ListItem\",\"position\":3,\"name\":\"Hissf\u00f6rbundet deltar p\u00e5 Styrelsem\u00e4ssan\"}]},{\"@type\":\"WebSite\",\"@id\":\"https:\/\/www.hissforbundet.se\/#website\",\"url\":\"https:\/\/www.hissforbundet.se\/\",\"name\":\"Hissf\u00f6rbundet\",\"description\":\"H\u00f6jd s\u00e4kerhet och \u00f6kad levnadsstandard\",\"publisher\":{\"@id\":\"https:\/\/www.hissforbundet.se\/#organization\"},\"potentialAction\":[{\"@type\":\"SearchAction\",\"target\":{\"@type\":\"EntryPoint\",\"urlTemplate\":\"https:\/\/www.hissforbundet.se\/?s={search_term_string}\"},\"query-input\":\"required name=search_term_string\"}],\"inLanguage\":\"en-US\"},{\"@type\":\"Organization\",\"@id\":\"https:\/\/www.hissforbundet.se\/#organization\",\"name\":\"Hissf\u00f6rbundet\",\"url\":\"https:\/\/www.hissforbundet.se\/\",\"logo\":{\"@type\":\"ImageObject\",\"inLanguage\":\"en-US\",\"@id\":\"https:\/\/www.hissforbundet.se\/#\/schema\/logo\/image\/\",\"url\":\"https:\/\/www.hissforbundet.se\/wp-content\/uploads\/2023\/11\/Hissforbundet-logotyp.png\",\"contentUrl\":\"https:\/\/www.hissforbundet.se\/wp-content\/uploads\/2023\/11\/Hissforbundet-logotyp.png\",\"width\":3543,\"height\":469,\"caption\":\"Hissf\u00f6rbundet\"},\"image\":{\"@id\":\"https:\/\/www.hissforbundet.se\/#\/schema\/logo\/image\/\"}}]}<\/script>\n<!-- \/ Yoast SEO plugin. -->","yoast_head_json":{"title":"Hissf\u00f6rbundet deltar p\u00e5 Styrelsem\u00e4ssan - Hissf\u00f6rbundet","description":"Hissf\u00f6rbundet deltar p\u00e5 Styrelsem\u00e4ssan p\u00e5 Stockholm Waterfront med en monter och en programpunkt om Hiss\u00e4kerhet.","robots":{"index":"index","follow":"follow","max-snippet":"max-snippet:-1","max-image-preview":"max-image-preview:large","max-video-preview":"max-video-preview:-1"},"canonical":"https:\/\/www.hissforbundet.se\/en\/kalender\/hissforbundet-deltar-pa-styrelsemassan\/","og_locale":"en_US","og_type":"article","og_title":"Hissf\u00f6rbundet deltar p\u00e5 Styrelsem\u00e4ssan - Hissf\u00f6rbundet","og_description":"Hissf\u00f6rbundet deltar p\u00e5 Styrelsem\u00e4ssan p\u00e5 Stockholm Waterfront med en monter och en programpunkt om Hiss\u00e4kerhet.","og_url":"https:\/\/www.hissforbundet.se\/en\/kalender\/hissforbundet-deltar-pa-styrelsemassan\/","og_site_name":"Hissf\u00f6rbundet","twitter_card":"summary_large_image","twitter_misc":{"Est. reading time":"1 minute"},"schema":{"@context":"https:\/\/schema.org","@graph":[{"@type":"WebPage","@id":"https:\/\/www.hissforbundet.se\/kalender\/hissforbundet-deltar-pa-styrelsemassan\/","url":"https:\/\/www.hissforbundet.se\/kalender\/hissforbundet-deltar-pa-styrelsemassan\/","name":"Hissf\u00f6rbundet deltar p\u00e5 Styrelsem\u00e4ssan - Hissf\u00f6rbundet","isPartOf":{"@id":"https:\/\/www.hissforbundet.se\/#website"},"datePublished":"2026-01-09T08:39:05+00:00","dateModified":"2026-01-09T08:39:05+00:00","description":"Hissf\u00f6rbundet deltar p\u00e5 Styrelsem\u00e4ssan p\u00e5 Stockholm Waterfront med en monter och en programpunkt om Hiss\u00e4kerhet.","breadcrumb":{"@id":"https:\/\/www.hissforbundet.se\/kalender\/hissforbundet-deltar-pa-styrelsemassan\/#breadcrumb"},"inLanguage":"en-US","potentialAction":[{"@type":"ReadAction","target":["https:\/\/www.hissforbundet.se\/kalender\/hissforbundet-deltar-pa-styrelsemassan\/"]}]},{"@type":"BreadcrumbList","@id":"https:\/\/www.hissforbundet.se\/kalender\/hissforbundet-deltar-pa-styrelsemassan\/#breadcrumb","itemListElement":[{"@type":"ListItem","position":1,"name":"Home","item":"https:\/\/www.hissforbundet.se\/"},{"@type":"ListItem","position":2,"name":"Evenemang","item":"https:\/\/www.hissforbundet.se\/evenemang\/"},{"@type":"ListItem","position":3,"name":"Hissf\u00f6rbundet deltar p\u00e5 Styrelsem\u00e4ssan"}]},{"@type":"WebSite","@id":"https:\/\/www.hissforbundet.se\/#website","url":"https:\/\/www.hissforbundet.se\/","name":"The Elevator Association","description":"Increased security and increased standard of living","publisher":{"@id":"https:\/\/www.hissforbundet.se\/#organization"},"potentialAction":[{"@type":"SearchAction","target":{"@type":"EntryPoint","urlTemplate":"https:\/\/www.hissforbundet.se\/?s={search_term_string}"},"query-input":"required name=search_term_string"}],"inLanguage":"en-US"},{"@type":"Organization","@id":"https:\/\/www.hissforbundet.se\/#organization","name":"The Elevator Association","url":"https:\/\/www.hissforbundet.se\/","logo":{"@type":"ImageObject","inLanguage":"en-US","@id":"https:\/\/www.hissforbundet.se\/#\/schema\/logo\/image\/","url":"https:\/\/www.hissforbundet.se\/wp-content\/uploads\/2023\/11\/Hissforbundet-logotyp.png","contentUrl":"https:\/\/www.hissforbundet.se\/wp-content\/uploads\/2023\/11\/Hissforbundet-logotyp.png","width":3543,"height":469,"caption":"Hissf\u00f6rbundet"},"image":{"@id":"https:\/\/www.hissforbundet.se\/#\/schema\/logo\/image\/"}}]}},"_links":{"self":[{"href":"https:\/\/www.hissforbundet.se\/en\/wp-json\/wp\/v2\/event\/2549"}],"collection":[{"href":"https:\/\/www.hissforbundet.se\/en\/wp-json\/wp\/v2\/event"}],"about":[{"href":"https:\/\/www.hissforbundet.se\/en\/wp-json\/wp\/v2\/types\/event"}],"version-history":[{"count":7,"href":"https:\/\/www.hissforbundet.se\/en\/wp-json\/wp\/v2\/event\/2549\/revisions"}],"predecessor-version":[{"id":2556,"href":"https:\/\/www.hissforbundet.se\/en\/wp-json\/wp\/v2\/event\/2549\/revisions\/2556"}],"wp:attachment":[{"href":"https:\/\/www.hissforbundet.se\/en\/wp-json\/wp\/v2\/media?parent=2549"}],"curies":[{"name":"wp","href":"https:\/\/api.w.org\/{rel}","templated":true}]}}

<!-- This site is optimized with the Yoast SEO plugin v22.7 - https://yoast.com/wordpress/plugins/seo/ -->
<title>Hissförbundet deltar på Styrelsemässan - Hissförbundet</title>
<meta name="description" content="Hissförbundet deltar på Styrelsemässan på Stockholm Waterfront med en monter och en programpunkt om Hissäkerhet." />
<meta name="robots" content="index, follow, max-snippet:-1, max-image-preview:large, max-video-preview:-1" />
<link rel="canonical" href="https://www.hissforbundet.se/en/kalender/hissforbundet-deltar-pa-styrelsemassan/" />
<meta property="og:locale" content="en_US" />
<meta property="og:type" content="article" />
<meta property="og:title" content="Hissförbundet deltar på Styrelsemässan - Hissförbundet" />
<meta property="og:description" content="Hissförbundet deltar på Styrelsemässan på Stockholm Waterfront med en monter och en programpunkt om Hissäkerhet." />
<meta property="og:url" content="https://www.hissforbundet.se/en/kalender/hissforbundet-deltar-pa-styrelsemassan/" />
<meta property="og:site_name" content="Hissförbundet" />
<meta name="twitter:card" content="summary_large_image" />
<meta name="twitter:label1" content="Est. reading time" />
	<meta name="twitter:data1" content="1 minute" />
<script type="application/ld+json" class="yoast-schema-graph">{"@context":"https://schema.org","@graph":[{"@type":"WebPage","@id":"https://www.hissforbundet.se/kalender/hissforbundet-deltar-pa-styrelsemassan/","url":"https://www.hissforbundet.se/kalender/hissforbundet-deltar-pa-styrelsemassan/","name":"Hissförbundet deltar på Styrelsemässan - Hissförbundet","isPartOf":{"@id":"https://www.hissforbundet.se/#website"},"datePublished":"2026-01-09T08:39:05+00:00","dateModified":"2026-01-09T08:39:05+00:00","description":"Hissförbundet deltar på Styrelsemässan på Stockholm Waterfront med en monter och en programpunkt om Hissäkerhet.","breadcrumb":{"@id":"https://www.hissforbundet.se/kalender/hissforbundet-deltar-pa-styrelsemassan/#breadcrumb"},"inLanguage":"en-US","potentialAction":[{"@type":"ReadAction","target":["https://www.hissforbundet.se/kalender/hissforbundet-deltar-pa-styrelsemassan/"]}]},{"@type":"BreadcrumbList","@id":"https://www.hissforbundet.se/kalender/hissforbundet-deltar-pa-styrelsemassan/#breadcrumb","itemListElement":[{"@type":"ListItem","position":1,"name":"Home","item":"https://www.hissforbundet.se/"},{"@type":"ListItem","position":2,"name":"Evenemang","item":"https://www.hissforbundet.se/evenemang/"},{"@type":"ListItem","position":3,"name":"Hissförbundet deltar på Styrelsemässan"}]},{"@type":"WebSite","@id":"https://www.hissforbundet.se/#website","url":"https://www.hissforbundet.se/","name":"Hissförbundet","description":"Höjd säkerhet och ökad levnadsstandard","publisher":{"@id":"https://www.hissforbundet.se/#organization"},"potentialAction":[{"@type":"SearchAction","target":{"@type":"EntryPoint","urlTemplate":"https://www.hissforbundet.se/?s={search_term_string}"},"query-input":"required name=search_term_string"}],"inLanguage":"en-US"},{"@type":"Organization","@id":"https://www.hissforbundet.se/#organization","name":"Hissförbundet","url":"https://www.hissforbundet.se/","logo":{"@type":"ImageObject","inLanguage":"en-US","@id":"https://www.hissforbundet.se/#/schema/logo/image/","url":"https://www.hissforbundet.se/wp-content/uploads/2023/11/Hissforbundet-logotyp.png","contentUrl":"https://www.hissforbundet.se/wp-content/uploads/2023/11/Hissforbundet-logotyp.png","width":3543,"height":469,"caption":"Hissförbundet"},"image":{"@id":"https://www.hissforbundet.se/#/schema/logo/image/"}}]}</script>
<!-- / Yoast SEO plugin. -->

Hissförbundet deltar på Styrelsemässan - Hissförbundet

Hissförbundet deltar på Styrelsemässan på Stockholm Waterfront med en monter och en programpunkt om Hissäkerhet.

Hissförbundet

Hissförbundet deltar på Styrelsemässan
