{"id":2290,"date":"2025-06-04T12:07:36","date_gmt":"2025-06-04T10:07:36","guid":{"rendered":"https:\/\/www.hissforbundet.se\/?post_type=event&#038;p=2290"},"modified":"2025-06-04T12:07:37","modified_gmt":"2025-06-04T10:07:37","slug":"mote-i-referensgrupp-tillganglighet-rg-t","status":"publish","type":"event","link":"https:\/\/www.hissforbundet.se\/en\/kalender\/mote-i-referensgrupp-tillganglighet-rg-t\/","title":{"rendered":"Meeting in the Accessibility Reference Group, RG-T"},"content":{"rendered":"<p>The Swedish Elevator Association and our members contribute to a higher quality of life for people through increased accessibility in the built environment. We do this in various ways, including by raising the level of knowledge about accessibility issues within the industry and on the client side, and by working to clarify regulations and standards.<\/p>","protected":false},"featured_media":2143,"template":"","meta":{"footnotes":""},"acf":[],"yoast_head":"<!-- This site is optimized with the Yoast SEO plugin v22.7 - https:\/\/yoast.com\/wordpress\/plugins\/seo\/ -->\n<title>M\u00f6te i Referensgrupp Tillg\u00e4nglighet, RG-T - Hissf\u00f6rbundet<\/title>\n<meta name=\"robots\" content=\"index, follow, max-snippet:-1, max-image-preview:large, max-video-preview:-1\" \/>\n<link rel=\"canonical\" href=\"https:\/\/www.hissforbundet.se\/en\/evenemang\/mote-i-referensgrupp-tillganglighet-rg-t\/\" \/>\n<meta property=\"og:locale\" content=\"en_US\" \/>\n<meta property=\"og:type\" content=\"article\" \/>\n<meta property=\"og:title\" content=\"M\u00f6te i Referensgrupp Tillg\u00e4nglighet, RG-T - Hissf\u00f6rbundet\" \/>\n<meta property=\"og:description\" content=\"Hissf\u00f6rbundet och v\u00e5ra medlemmar bidrar till h\u00f6jd livskvalitet f\u00f6r m\u00e4nniskor genom \u00f6kad tillg\u00e4nglighet i den byggda milj\u00f6n. Detta g\u00f6r vi p\u00e5 olika s\u00e4tt, bland annat genom att h\u00f6ja kunskapsniv\u00e5n om tillg\u00e4nglighetsfr\u00e5gan inom branschen och p\u00e5 best\u00e4llarsidan samt genom att verka f\u00f6r tydligg\u00f6randen kring regelverk och standarder.\" \/>\n<meta property=\"og:url\" content=\"https:\/\/www.hissforbundet.se\/en\/evenemang\/mote-i-referensgrupp-tillganglighet-rg-t\/\" \/>\n<meta property=\"og:site_name\" content=\"Hissf\u00f6rbundet\" \/>\n<meta property=\"article:modified_time\" content=\"2025-06-04T10:07:37+00:00\" \/>\n<meta property=\"og:image\" content=\"https:\/\/www.hissforbundet.se\/wp-content\/uploads\/2024\/12\/AdobeStock_298854043.jpg\" \/>\n\t<meta property=\"og:image:width\" content=\"1000\" \/>\n\t<meta property=\"og:image:height\" content=\"469\" \/>\n\t<meta property=\"og:image:type\" content=\"image\/jpeg\" \/>\n<meta name=\"twitter:card\" content=\"summary_large_image\" \/>\n<meta name=\"twitter:label1\" content=\"Est. reading time\" \/>\n\t<meta name=\"twitter:data1\" content=\"1 minute\" \/>\n<script type=\"application\/ld+json\" class=\"yoast-schema-graph\">{\"@context\":\"https:\/\/schema.org\",\"@graph\":[{\"@type\":\"WebPage\",\"@id\":\"https:\/\/www.hissforbundet.se\/evenemang\/mote-i-referensgrupp-tillganglighet-rg-t\/\",\"url\":\"https:\/\/www.hissforbundet.se\/evenemang\/mote-i-referensgrupp-tillganglighet-rg-t\/\",\"name\":\"M\u00f6te i Referensgrupp Tillg\u00e4nglighet, RG-T - Hissf\u00f6rbundet\",\"isPartOf\":{\"@id\":\"https:\/\/www.hissforbundet.se\/#website\"},\"primaryImageOfPage\":{\"@id\":\"https:\/\/www.hissforbundet.se\/evenemang\/mote-i-referensgrupp-tillganglighet-rg-t\/#primaryimage\"},\"image\":{\"@id\":\"https:\/\/www.hissforbundet.se\/evenemang\/mote-i-referensgrupp-tillganglighet-rg-t\/#primaryimage\"},\"thumbnailUrl\":\"https:\/\/www.hissforbundet.se\/wp-content\/uploads\/2024\/12\/AdobeStock_298854043.jpg\",\"datePublished\":\"2025-06-04T10:07:36+00:00\",\"dateModified\":\"2025-06-04T10:07:37+00:00\",\"breadcrumb\":{\"@id\":\"https:\/\/www.hissforbundet.se\/evenemang\/mote-i-referensgrupp-tillganglighet-rg-t\/#breadcrumb\"},\"inLanguage\":\"en-US\",\"potentialAction\":[{\"@type\":\"ReadAction\",\"target\":[\"https:\/\/www.hissforbundet.se\/evenemang\/mote-i-referensgrupp-tillganglighet-rg-t\/\"]}]},{\"@type\":\"ImageObject\",\"inLanguage\":\"en-US\",\"@id\":\"https:\/\/www.hissforbundet.se\/evenemang\/mote-i-referensgrupp-tillganglighet-rg-t\/#primaryimage\",\"url\":\"https:\/\/www.hissforbundet.se\/wp-content\/uploads\/2024\/12\/AdobeStock_298854043.jpg\",\"contentUrl\":\"https:\/\/www.hissforbundet.se\/wp-content\/uploads\/2024\/12\/AdobeStock_298854043.jpg\",\"width\":1000,\"height\":469,\"caption\":\"Over 90 year old active senior lady with walker taking an elevator at the train station, outdoors\"},{\"@type\":\"BreadcrumbList\",\"@id\":\"https:\/\/www.hissforbundet.se\/evenemang\/mote-i-referensgrupp-tillganglighet-rg-t\/#breadcrumb\",\"itemListElement\":[{\"@type\":\"ListItem\",\"position\":1,\"name\":\"Home\",\"item\":\"https:\/\/www.hissforbundet.se\/\"},{\"@type\":\"ListItem\",\"position\":2,\"name\":\"Evenemang\",\"item\":\"https:\/\/www.hissforbundet.se\/evenemang\/\"},{\"@type\":\"ListItem\",\"position\":3,\"name\":\"M\u00f6te i Referensgrupp Tillg\u00e4nglighet, RG-T\"}]},{\"@type\":\"WebSite\",\"@id\":\"https:\/\/www.hissforbundet.se\/#website\",\"url\":\"https:\/\/www.hissforbundet.se\/\",\"name\":\"Hissf\u00f6rbundet\",\"description\":\"H\u00f6jd s\u00e4kerhet och \u00f6kad levnadsstandard\",\"publisher\":{\"@id\":\"https:\/\/www.hissforbundet.se\/#organization\"},\"potentialAction\":[{\"@type\":\"SearchAction\",\"target\":{\"@type\":\"EntryPoint\",\"urlTemplate\":\"https:\/\/www.hissforbundet.se\/?s={search_term_string}\"},\"query-input\":\"required name=search_term_string\"}],\"inLanguage\":\"en-US\"},{\"@type\":\"Organization\",\"@id\":\"https:\/\/www.hissforbundet.se\/#organization\",\"name\":\"Hissf\u00f6rbundet\",\"url\":\"https:\/\/www.hissforbundet.se\/\",\"logo\":{\"@type\":\"ImageObject\",\"inLanguage\":\"en-US\",\"@id\":\"https:\/\/www.hissforbundet.se\/#\/schema\/logo\/image\/\",\"url\":\"https:\/\/www.hissforbundet.se\/wp-content\/uploads\/2023\/11\/Hissforbundet-logotyp.png\",\"contentUrl\":\"https:\/\/www.hissforbundet.se\/wp-content\/uploads\/2023\/11\/Hissforbundet-logotyp.png\",\"width\":3543,\"height\":469,\"caption\":\"Hissf\u00f6rbundet\"},\"image\":{\"@id\":\"https:\/\/www.hissforbundet.se\/#\/schema\/logo\/image\/\"}}]}<\/script>\n<!-- \/ Yoast SEO plugin. -->","yoast_head_json":{"title":"M\u00f6te i Referensgrupp Tillg\u00e4nglighet, RG-T - Hissf\u00f6rbundet","robots":{"index":"index","follow":"follow","max-snippet":"max-snippet:-1","max-image-preview":"max-image-preview:large","max-video-preview":"max-video-preview:-1"},"canonical":"https:\/\/www.hissforbundet.se\/en\/evenemang\/mote-i-referensgrupp-tillganglighet-rg-t\/","og_locale":"en_US","og_type":"article","og_title":"M\u00f6te i Referensgrupp Tillg\u00e4nglighet, RG-T - Hissf\u00f6rbundet","og_description":"Hissf\u00f6rbundet och v\u00e5ra medlemmar bidrar till h\u00f6jd livskvalitet f\u00f6r m\u00e4nniskor genom \u00f6kad tillg\u00e4nglighet i den byggda milj\u00f6n. Detta g\u00f6r vi p\u00e5 olika s\u00e4tt, bland annat genom att h\u00f6ja kunskapsniv\u00e5n om tillg\u00e4nglighetsfr\u00e5gan inom branschen och p\u00e5 best\u00e4llarsidan samt genom att verka f\u00f6r tydligg\u00f6randen kring regelverk och standarder.","og_url":"https:\/\/www.hissforbundet.se\/en\/evenemang\/mote-i-referensgrupp-tillganglighet-rg-t\/","og_site_name":"Hissf\u00f6rbundet","article_modified_time":"2025-06-04T10:07:37+00:00","og_image":[{"width":1000,"height":469,"url":"https:\/\/www.hissforbundet.se\/wp-content\/uploads\/2024\/12\/AdobeStock_298854043.jpg","type":"image\/jpeg"}],"twitter_card":"summary_large_image","twitter_misc":{"Est. reading time":"1 minute"},"schema":{"@context":"https:\/\/schema.org","@graph":[{"@type":"WebPage","@id":"https:\/\/www.hissforbundet.se\/evenemang\/mote-i-referensgrupp-tillganglighet-rg-t\/","url":"https:\/\/www.hissforbundet.se\/evenemang\/mote-i-referensgrupp-tillganglighet-rg-t\/","name":"M\u00f6te i Referensgrupp Tillg\u00e4nglighet, RG-T - Hissf\u00f6rbundet","isPartOf":{"@id":"https:\/\/www.hissforbundet.se\/#website"},"primaryImageOfPage":{"@id":"https:\/\/www.hissforbundet.se\/evenemang\/mote-i-referensgrupp-tillganglighet-rg-t\/#primaryimage"},"image":{"@id":"https:\/\/www.hissforbundet.se\/evenemang\/mote-i-referensgrupp-tillganglighet-rg-t\/#primaryimage"},"thumbnailUrl":"https:\/\/www.hissforbundet.se\/wp-content\/uploads\/2024\/12\/AdobeStock_298854043.jpg","datePublished":"2025-06-04T10:07:36+00:00","dateModified":"2025-06-04T10:07:37+00:00","breadcrumb":{"@id":"https:\/\/www.hissforbundet.se\/evenemang\/mote-i-referensgrupp-tillganglighet-rg-t\/#breadcrumb"},"inLanguage":"en-US","potentialAction":[{"@type":"ReadAction","target":["https:\/\/www.hissforbundet.se\/evenemang\/mote-i-referensgrupp-tillganglighet-rg-t\/"]}]},{"@type":"ImageObject","inLanguage":"en-US","@id":"https:\/\/www.hissforbundet.se\/evenemang\/mote-i-referensgrupp-tillganglighet-rg-t\/#primaryimage","url":"https:\/\/www.hissforbundet.se\/wp-content\/uploads\/2024\/12\/AdobeStock_298854043.jpg","contentUrl":"https:\/\/www.hissforbundet.se\/wp-content\/uploads\/2024\/12\/AdobeStock_298854043.jpg","width":1000,"height":469,"caption":"Over 90 year old active senior lady with walker taking an elevator at the train station, outdoors"},{"@type":"BreadcrumbList","@id":"https:\/\/www.hissforbundet.se\/evenemang\/mote-i-referensgrupp-tillganglighet-rg-t\/#breadcrumb","itemListElement":[{"@type":"ListItem","position":1,"name":"Home","item":"https:\/\/www.hissforbundet.se\/"},{"@type":"ListItem","position":2,"name":"Evenemang","item":"https:\/\/www.hissforbundet.se\/evenemang\/"},{"@type":"ListItem","position":3,"name":"M\u00f6te i Referensgrupp Tillg\u00e4nglighet, RG-T"}]},{"@type":"WebSite","@id":"https:\/\/www.hissforbundet.se\/#website","url":"https:\/\/www.hissforbundet.se\/","name":"The Elevator Association","description":"Increased security and increased standard of living","publisher":{"@id":"https:\/\/www.hissforbundet.se\/#organization"},"potentialAction":[{"@type":"SearchAction","target":{"@type":"EntryPoint","urlTemplate":"https:\/\/www.hissforbundet.se\/?s={search_term_string}"},"query-input":"required name=search_term_string"}],"inLanguage":"en-US"},{"@type":"Organization","@id":"https:\/\/www.hissforbundet.se\/#organization","name":"The Elevator Association","url":"https:\/\/www.hissforbundet.se\/","logo":{"@type":"ImageObject","inLanguage":"en-US","@id":"https:\/\/www.hissforbundet.se\/#\/schema\/logo\/image\/","url":"https:\/\/www.hissforbundet.se\/wp-content\/uploads\/2023\/11\/Hissforbundet-logotyp.png","contentUrl":"https:\/\/www.hissforbundet.se\/wp-content\/uploads\/2023\/11\/Hissforbundet-logotyp.png","width":3543,"height":469,"caption":"Hissf\u00f6rbundet"},"image":{"@id":"https:\/\/www.hissforbundet.se\/#\/schema\/logo\/image\/"}}]}},"_links":{"self":[{"href":"https:\/\/www.hissforbundet.se\/en\/wp-json\/wp\/v2\/event\/2290"}],"collection":[{"href":"https:\/\/www.hissforbundet.se\/en\/wp-json\/wp\/v2\/event"}],"about":[{"href":"https:\/\/www.hissforbundet.se\/en\/wp-json\/wp\/v2\/types\/event"}],"version-history":[{"count":2,"href":"https:\/\/www.hissforbundet.se\/en\/wp-json\/wp\/v2\/event\/2290\/revisions"}],"predecessor-version":[{"id":2292,"href":"https:\/\/www.hissforbundet.se\/en\/wp-json\/wp\/v2\/event\/2290\/revisions\/2292"}],"wp:featuredmedia":[{"embeddable":true,"href":"https:\/\/www.hissforbundet.se\/en\/wp-json\/wp\/v2\/media\/2143"}],"wp:attachment":[{"href":"https:\/\/www.hissforbundet.se\/en\/wp-json\/wp\/v2\/media?parent=2290"}],"curies":[{"name":"wp","href":"https:\/\/api.w.org\/{rel}","templated":true}]}}

<!-- This site is optimized with the Yoast SEO plugin v22.7 - https://yoast.com/wordpress/plugins/seo/ -->
<title>Möte i Referensgrupp Tillgänglighet, RG-T - Hissförbundet</title>
<meta name="robots" content="index, follow, max-snippet:-1, max-image-preview:large, max-video-preview:-1" />
<link rel="canonical" href="https://www.hissforbundet.se/en/evenemang/mote-i-referensgrupp-tillganglighet-rg-t/" />
<meta property="og:locale" content="en_US" />
<meta property="og:type" content="article" />
<meta property="og:title" content="Möte i Referensgrupp Tillgänglighet, RG-T - Hissförbundet" />
<meta property="og:description" content="Hissförbundet och våra medlemmar bidrar till höjd livskvalitet för människor genom ökad tillgänglighet i den byggda miljön. Detta gör vi på olika sätt, bland annat genom att höja kunskapsnivån om tillgänglighetsfrågan inom branschen och på beställarsidan samt genom att verka för tydliggöranden kring regelverk och standarder." />
<meta property="og:url" content="https://www.hissforbundet.se/en/evenemang/mote-i-referensgrupp-tillganglighet-rg-t/" />
<meta property="og:site_name" content="Hissförbundet" />
<meta property="article:modified_time" content="2025-06-04T10:07:37+00:00" />
<meta property="og:image" content="https://www.hissforbundet.se/wp-content/uploads/2024/12/AdobeStock_298854043.jpg" />
	<meta property="og:image:width" content="1000" />
	<meta property="og:image:height" content="469" />
	<meta property="og:image:type" content="image/jpeg" />
<meta name="twitter:card" content="summary_large_image" />
<meta name="twitter:label1" content="Est. reading time" />
	<meta name="twitter:data1" content="1 minute" />
<script type="application/ld+json" class="yoast-schema-graph">{"@context":"https://schema.org","@graph":[{"@type":"WebPage","@id":"https://www.hissforbundet.se/evenemang/mote-i-referensgrupp-tillganglighet-rg-t/","url":"https://www.hissforbundet.se/evenemang/mote-i-referensgrupp-tillganglighet-rg-t/","name":"Möte i Referensgrupp Tillgänglighet, RG-T - Hissförbundet","isPartOf":{"@id":"https://www.hissforbundet.se/#website"},"primaryImageOfPage":{"@id":"https://www.hissforbundet.se/evenemang/mote-i-referensgrupp-tillganglighet-rg-t/#primaryimage"},"image":{"@id":"https://www.hissforbundet.se/evenemang/mote-i-referensgrupp-tillganglighet-rg-t/#primaryimage"},"thumbnailUrl":"https://www.hissforbundet.se/wp-content/uploads/2024/12/AdobeStock_298854043.jpg","datePublished":"2025-06-04T10:07:36+00:00","dateModified":"2025-06-04T10:07:37+00:00","breadcrumb":{"@id":"https://www.hissforbundet.se/evenemang/mote-i-referensgrupp-tillganglighet-rg-t/#breadcrumb"},"inLanguage":"en-US","potentialAction":[{"@type":"ReadAction","target":["https://www.hissforbundet.se/evenemang/mote-i-referensgrupp-tillganglighet-rg-t/"]}]},{"@type":"ImageObject","inLanguage":"en-US","@id":"https://www.hissforbundet.se/evenemang/mote-i-referensgrupp-tillganglighet-rg-t/#primaryimage","url":"https://www.hissforbundet.se/wp-content/uploads/2024/12/AdobeStock_298854043.jpg","contentUrl":"https://www.hissforbundet.se/wp-content/uploads/2024/12/AdobeStock_298854043.jpg","width":1000,"height":469,"caption":"Over 90 year old active senior lady with walker taking an elevator at the train station, outdoors"},{"@type":"BreadcrumbList","@id":"https://www.hissforbundet.se/evenemang/mote-i-referensgrupp-tillganglighet-rg-t/#breadcrumb","itemListElement":[{"@type":"ListItem","position":1,"name":"Home","item":"https://www.hissforbundet.se/"},{"@type":"ListItem","position":2,"name":"Evenemang","item":"https://www.hissforbundet.se/evenemang/"},{"@type":"ListItem","position":3,"name":"Möte i Referensgrupp Tillgänglighet, RG-T"}]},{"@type":"WebSite","@id":"https://www.hissforbundet.se/#website","url":"https://www.hissforbundet.se/","name":"Hissförbundet","description":"Höjd säkerhet och ökad levnadsstandard","publisher":{"@id":"https://www.hissforbundet.se/#organization"},"potentialAction":[{"@type":"SearchAction","target":{"@type":"EntryPoint","urlTemplate":"https://www.hissforbundet.se/?s={search_term_string}"},"query-input":"required name=search_term_string"}],"inLanguage":"en-US"},{"@type":"Organization","@id":"https://www.hissforbundet.se/#organization","name":"Hissförbundet","url":"https://www.hissforbundet.se/","logo":{"@type":"ImageObject","inLanguage":"en-US","@id":"https://www.hissforbundet.se/#/schema/logo/image/","url":"https://www.hissforbundet.se/wp-content/uploads/2023/11/Hissforbundet-logotyp.png","contentUrl":"https://www.hissforbundet.se/wp-content/uploads/2023/11/Hissforbundet-logotyp.png","width":3543,"height":469,"caption":"Hissförbundet"},"image":{"@id":"https://www.hissforbundet.se/#/schema/logo/image/"}}]}</script>
<!-- / Yoast SEO plugin. -->

Möte i Referensgrupp Tillgänglighet, RG-T - Hissförbundet

Hissförbundet och våra medlemmar bidrar till höjd livskvalitet för människor genom ökad tillgänglighet i den byggda miljön. Detta gör vi på olika sätt, bland annat genom att höja kunskapsnivån om tillgänglighetsfrågan inom branschen och på beställarsidan samt genom att verka för tydliggöranden kring regelverk och standarder.

Hissförbundet

Möte i Referensgrupp Tillgänglighet, RG-T
