{"id":1948,"date":"2024-12-17T11:54:11","date_gmt":"2024-12-17T09:54:11","guid":{"rendered":"https:\/\/www.hissforbundet.se\/?post_type=event&#038;p=1948"},"modified":"2025-05-28T13:57:15","modified_gmt":"2025-05-28T11:57:15","slug":"ela-general-assembly","status":"publish","type":"event","link":"https:\/\/www.hissforbundet.se\/en\/kalender\/ela-general-assembly\/","title":{"rendered":"ELA General Assembly 2025"},"content":{"rendered":"<p>ELA, the European Lift Association, is the European organization that promotes quality, safety and high technical standards at the EU level.<\/p>\n\n\n\n<p>The annual conference for member countries will be held on May 21-22, 2025.<\/p>\n\n\n\n<figure class=\"wp-block-image alignleft size-full is-resized\"><img loading=\"lazy\" decoding=\"async\" width=\"400\" height=\"373\" src=\"https:\/\/www.hissforbundet.se\/wp-content\/uploads\/2023\/11\/ELA-e1701262452822.png\" alt=\"\" class=\"wp-image-95\" style=\"width:119px;height:auto\" srcset=\"https:\/\/www.hissforbundet.se\/wp-content\/uploads\/2023\/11\/ELA-e1701262452822.png 400w, https:\/\/www.hissforbundet.se\/wp-content\/uploads\/2023\/11\/ELA-e1701262452822-300x280.png 300w\" sizes=\"(max-width: 400px) 100vw, 400px\" \/><\/figure>","protected":false},"featured_media":1949,"template":"","meta":{"footnotes":""},"acf":[],"yoast_head":"<!-- This site is optimized with the Yoast SEO plugin v22.7 - https:\/\/yoast.com\/wordpress\/plugins\/seo\/ -->\n<title>ELA General Assembly 2025 - Hissf\u00f6rbundet<\/title>\n<meta name=\"robots\" content=\"index, follow, max-snippet:-1, max-image-preview:large, max-video-preview:-1\" \/>\n<link rel=\"canonical\" href=\"https:\/\/www.hissforbundet.se\/en\/evenemang\/ela-general-assembly\/\" \/>\n<meta property=\"og:locale\" content=\"en_US\" \/>\n<meta property=\"og:type\" content=\"article\" \/>\n<meta property=\"og:title\" content=\"ELA General Assembly 2025 - Hissf\u00f6rbundet\" \/>\n<meta property=\"og:description\" content=\"ELA, European Lift Association, \u00e4r den Europeiska organisationen som verkar f\u00f6r kvalitet, s\u00e4kerhet och h\u00f6g teknisk standard p\u00e5 EU-niv\u00e5. Den 21-22 maj 2025 arrangeras den \u00e5rliga konferensen f\u00f6r medlemsl\u00e4nderna.\" \/>\n<meta property=\"og:url\" content=\"https:\/\/www.hissforbundet.se\/en\/evenemang\/ela-general-assembly\/\" \/>\n<meta property=\"og:site_name\" content=\"Hissf\u00f6rbundet\" \/>\n<meta property=\"article:modified_time\" content=\"2025-05-28T11:57:15+00:00\" \/>\n<meta property=\"og:image\" content=\"https:\/\/www.hissforbundet.se\/wp-content\/uploads\/2024\/12\/shutterstock_1817381741.jpg\" \/>\n\t<meta property=\"og:image:width\" content=\"1000\" \/>\n\t<meta property=\"og:image:height\" content=\"667\" \/>\n\t<meta property=\"og:image:type\" content=\"image\/jpeg\" \/>\n<meta name=\"twitter:card\" content=\"summary_large_image\" \/>\n<meta name=\"twitter:label1\" content=\"Est. reading time\" \/>\n\t<meta name=\"twitter:data1\" content=\"1 minute\" \/>\n<script type=\"application\/ld+json\" class=\"yoast-schema-graph\">{\"@context\":\"https:\/\/schema.org\",\"@graph\":[{\"@type\":\"WebPage\",\"@id\":\"https:\/\/www.hissforbundet.se\/evenemang\/ela-general-assembly\/\",\"url\":\"https:\/\/www.hissforbundet.se\/evenemang\/ela-general-assembly\/\",\"name\":\"ELA General Assembly 2025 - Hissf\u00f6rbundet\",\"isPartOf\":{\"@id\":\"https:\/\/www.hissforbundet.se\/#website\"},\"primaryImageOfPage\":{\"@id\":\"https:\/\/www.hissforbundet.se\/evenemang\/ela-general-assembly\/#primaryimage\"},\"image\":{\"@id\":\"https:\/\/www.hissforbundet.se\/evenemang\/ela-general-assembly\/#primaryimage\"},\"thumbnailUrl\":\"https:\/\/www.hissforbundet.se\/wp-content\/uploads\/2024\/12\/shutterstock_1817381741.jpg\",\"datePublished\":\"2024-12-17T09:54:11+00:00\",\"dateModified\":\"2025-05-28T11:57:15+00:00\",\"breadcrumb\":{\"@id\":\"https:\/\/www.hissforbundet.se\/evenemang\/ela-general-assembly\/#breadcrumb\"},\"inLanguage\":\"en-US\",\"potentialAction\":[{\"@type\":\"ReadAction\",\"target\":[\"https:\/\/www.hissforbundet.se\/evenemang\/ela-general-assembly\/\"]}]},{\"@type\":\"ImageObject\",\"inLanguage\":\"en-US\",\"@id\":\"https:\/\/www.hissforbundet.se\/evenemang\/ela-general-assembly\/#primaryimage\",\"url\":\"https:\/\/www.hissforbundet.se\/wp-content\/uploads\/2024\/12\/shutterstock_1817381741.jpg\",\"contentUrl\":\"https:\/\/www.hissforbundet.se\/wp-content\/uploads\/2024\/12\/shutterstock_1817381741.jpg\",\"width\":1000,\"height\":667},{\"@type\":\"BreadcrumbList\",\"@id\":\"https:\/\/www.hissforbundet.se\/evenemang\/ela-general-assembly\/#breadcrumb\",\"itemListElement\":[{\"@type\":\"ListItem\",\"position\":1,\"name\":\"Home\",\"item\":\"https:\/\/www.hissforbundet.se\/\"},{\"@type\":\"ListItem\",\"position\":2,\"name\":\"Evenemang\",\"item\":\"https:\/\/www.hissforbundet.se\/evenemang\/\"},{\"@type\":\"ListItem\",\"position\":3,\"name\":\"ELA General Assembly 2025\"}]},{\"@type\":\"WebSite\",\"@id\":\"https:\/\/www.hissforbundet.se\/#website\",\"url\":\"https:\/\/www.hissforbundet.se\/\",\"name\":\"Hissf\u00f6rbundet\",\"description\":\"H\u00f6jd s\u00e4kerhet och \u00f6kad levnadsstandard\",\"publisher\":{\"@id\":\"https:\/\/www.hissforbundet.se\/#organization\"},\"potentialAction\":[{\"@type\":\"SearchAction\",\"target\":{\"@type\":\"EntryPoint\",\"urlTemplate\":\"https:\/\/www.hissforbundet.se\/?s={search_term_string}\"},\"query-input\":\"required name=search_term_string\"}],\"inLanguage\":\"en-US\"},{\"@type\":\"Organization\",\"@id\":\"https:\/\/www.hissforbundet.se\/#organization\",\"name\":\"Hissf\u00f6rbundet\",\"url\":\"https:\/\/www.hissforbundet.se\/\",\"logo\":{\"@type\":\"ImageObject\",\"inLanguage\":\"en-US\",\"@id\":\"https:\/\/www.hissforbundet.se\/#\/schema\/logo\/image\/\",\"url\":\"https:\/\/www.hissforbundet.se\/wp-content\/uploads\/2023\/11\/Hissforbundet-logotyp.png\",\"contentUrl\":\"https:\/\/www.hissforbundet.se\/wp-content\/uploads\/2023\/11\/Hissforbundet-logotyp.png\",\"width\":3543,\"height\":469,\"caption\":\"Hissf\u00f6rbundet\"},\"image\":{\"@id\":\"https:\/\/www.hissforbundet.se\/#\/schema\/logo\/image\/\"}}]}<\/script>\n<!-- \/ Yoast SEO plugin. -->","yoast_head_json":{"title":"ELA General Assembly 2025 - Hissf\u00f6rbundet","robots":{"index":"index","follow":"follow","max-snippet":"max-snippet:-1","max-image-preview":"max-image-preview:large","max-video-preview":"max-video-preview:-1"},"canonical":"https:\/\/www.hissforbundet.se\/en\/evenemang\/ela-general-assembly\/","og_locale":"en_US","og_type":"article","og_title":"ELA General Assembly 2025 - Hissf\u00f6rbundet","og_description":"ELA, European Lift Association, \u00e4r den Europeiska organisationen som verkar f\u00f6r kvalitet, s\u00e4kerhet och h\u00f6g teknisk standard p\u00e5 EU-niv\u00e5. Den 21-22 maj 2025 arrangeras den \u00e5rliga konferensen f\u00f6r medlemsl\u00e4nderna.","og_url":"https:\/\/www.hissforbundet.se\/en\/evenemang\/ela-general-assembly\/","og_site_name":"Hissf\u00f6rbundet","article_modified_time":"2025-05-28T11:57:15+00:00","og_image":[{"width":1000,"height":667,"url":"https:\/\/www.hissforbundet.se\/wp-content\/uploads\/2024\/12\/shutterstock_1817381741.jpg","type":"image\/jpeg"}],"twitter_card":"summary_large_image","twitter_misc":{"Est. reading time":"1 minute"},"schema":{"@context":"https:\/\/schema.org","@graph":[{"@type":"WebPage","@id":"https:\/\/www.hissforbundet.se\/evenemang\/ela-general-assembly\/","url":"https:\/\/www.hissforbundet.se\/evenemang\/ela-general-assembly\/","name":"ELA General Assembly 2025 - Hissf\u00f6rbundet","isPartOf":{"@id":"https:\/\/www.hissforbundet.se\/#website"},"primaryImageOfPage":{"@id":"https:\/\/www.hissforbundet.se\/evenemang\/ela-general-assembly\/#primaryimage"},"image":{"@id":"https:\/\/www.hissforbundet.se\/evenemang\/ela-general-assembly\/#primaryimage"},"thumbnailUrl":"https:\/\/www.hissforbundet.se\/wp-content\/uploads\/2024\/12\/shutterstock_1817381741.jpg","datePublished":"2024-12-17T09:54:11+00:00","dateModified":"2025-05-28T11:57:15+00:00","breadcrumb":{"@id":"https:\/\/www.hissforbundet.se\/evenemang\/ela-general-assembly\/#breadcrumb"},"inLanguage":"en-US","potentialAction":[{"@type":"ReadAction","target":["https:\/\/www.hissforbundet.se\/evenemang\/ela-general-assembly\/"]}]},{"@type":"ImageObject","inLanguage":"en-US","@id":"https:\/\/www.hissforbundet.se\/evenemang\/ela-general-assembly\/#primaryimage","url":"https:\/\/www.hissforbundet.se\/wp-content\/uploads\/2024\/12\/shutterstock_1817381741.jpg","contentUrl":"https:\/\/www.hissforbundet.se\/wp-content\/uploads\/2024\/12\/shutterstock_1817381741.jpg","width":1000,"height":667},{"@type":"BreadcrumbList","@id":"https:\/\/www.hissforbundet.se\/evenemang\/ela-general-assembly\/#breadcrumb","itemListElement":[{"@type":"ListItem","position":1,"name":"Home","item":"https:\/\/www.hissforbundet.se\/"},{"@type":"ListItem","position":2,"name":"Evenemang","item":"https:\/\/www.hissforbundet.se\/evenemang\/"},{"@type":"ListItem","position":3,"name":"ELA General Assembly 2025"}]},{"@type":"WebSite","@id":"https:\/\/www.hissforbundet.se\/#website","url":"https:\/\/www.hissforbundet.se\/","name":"The Elevator Association","description":"Increased security and increased standard of living","publisher":{"@id":"https:\/\/www.hissforbundet.se\/#organization"},"potentialAction":[{"@type":"SearchAction","target":{"@type":"EntryPoint","urlTemplate":"https:\/\/www.hissforbundet.se\/?s={search_term_string}"},"query-input":"required name=search_term_string"}],"inLanguage":"en-US"},{"@type":"Organization","@id":"https:\/\/www.hissforbundet.se\/#organization","name":"The Elevator Association","url":"https:\/\/www.hissforbundet.se\/","logo":{"@type":"ImageObject","inLanguage":"en-US","@id":"https:\/\/www.hissforbundet.se\/#\/schema\/logo\/image\/","url":"https:\/\/www.hissforbundet.se\/wp-content\/uploads\/2023\/11\/Hissforbundet-logotyp.png","contentUrl":"https:\/\/www.hissforbundet.se\/wp-content\/uploads\/2023\/11\/Hissforbundet-logotyp.png","width":3543,"height":469,"caption":"Hissf\u00f6rbundet"},"image":{"@id":"https:\/\/www.hissforbundet.se\/#\/schema\/logo\/image\/"}}]}},"_links":{"self":[{"href":"https:\/\/www.hissforbundet.se\/en\/wp-json\/wp\/v2\/event\/1948"}],"collection":[{"href":"https:\/\/www.hissforbundet.se\/en\/wp-json\/wp\/v2\/event"}],"about":[{"href":"https:\/\/www.hissforbundet.se\/en\/wp-json\/wp\/v2\/types\/event"}],"version-history":[{"count":4,"href":"https:\/\/www.hissforbundet.se\/en\/wp-json\/wp\/v2\/event\/1948\/revisions"}],"predecessor-version":[{"id":2274,"href":"https:\/\/www.hissforbundet.se\/en\/wp-json\/wp\/v2\/event\/1948\/revisions\/2274"}],"wp:featuredmedia":[{"embeddable":true,"href":"https:\/\/www.hissforbundet.se\/en\/wp-json\/wp\/v2\/media\/1949"}],"wp:attachment":[{"href":"https:\/\/www.hissforbundet.se\/en\/wp-json\/wp\/v2\/media?parent=1948"}],"curies":[{"name":"wp","href":"https:\/\/api.w.org\/{rel}","templated":true}]}}

<!-- This site is optimized with the Yoast SEO plugin v22.7 - https://yoast.com/wordpress/plugins/seo/ -->
<title>ELA General Assembly 2025 - Hissförbundet</title>
<meta name="robots" content="index, follow, max-snippet:-1, max-image-preview:large, max-video-preview:-1" />
<link rel="canonical" href="https://www.hissforbundet.se/en/evenemang/ela-general-assembly/" />
<meta property="og:locale" content="en_US" />
<meta property="og:type" content="article" />
<meta property="og:title" content="ELA General Assembly 2025 - Hissförbundet" />
<meta property="og:description" content="ELA, European Lift Association, är den Europeiska organisationen som verkar för kvalitet, säkerhet och hög teknisk standard på EU-nivå. Den 21-22 maj 2025 arrangeras den årliga konferensen för medlemsländerna." />
<meta property="og:url" content="https://www.hissforbundet.se/en/evenemang/ela-general-assembly/" />
<meta property="og:site_name" content="Hissförbundet" />
<meta property="article:modified_time" content="2025-05-28T11:57:15+00:00" />
<meta property="og:image" content="https://www.hissforbundet.se/wp-content/uploads/2024/12/shutterstock_1817381741.jpg" />
	<meta property="og:image:width" content="1000" />
	<meta property="og:image:height" content="667" />
	<meta property="og:image:type" content="image/jpeg" />
<meta name="twitter:card" content="summary_large_image" />
<meta name="twitter:label1" content="Est. reading time" />
	<meta name="twitter:data1" content="1 minute" />
<script type="application/ld+json" class="yoast-schema-graph">{"@context":"https://schema.org","@graph":[{"@type":"WebPage","@id":"https://www.hissforbundet.se/evenemang/ela-general-assembly/","url":"https://www.hissforbundet.se/evenemang/ela-general-assembly/","name":"ELA General Assembly 2025 - Hissförbundet","isPartOf":{"@id":"https://www.hissforbundet.se/#website"},"primaryImageOfPage":{"@id":"https://www.hissforbundet.se/evenemang/ela-general-assembly/#primaryimage"},"image":{"@id":"https://www.hissforbundet.se/evenemang/ela-general-assembly/#primaryimage"},"thumbnailUrl":"https://www.hissforbundet.se/wp-content/uploads/2024/12/shutterstock_1817381741.jpg","datePublished":"2024-12-17T09:54:11+00:00","dateModified":"2025-05-28T11:57:15+00:00","breadcrumb":{"@id":"https://www.hissforbundet.se/evenemang/ela-general-assembly/#breadcrumb"},"inLanguage":"en-US","potentialAction":[{"@type":"ReadAction","target":["https://www.hissforbundet.se/evenemang/ela-general-assembly/"]}]},{"@type":"ImageObject","inLanguage":"en-US","@id":"https://www.hissforbundet.se/evenemang/ela-general-assembly/#primaryimage","url":"https://www.hissforbundet.se/wp-content/uploads/2024/12/shutterstock_1817381741.jpg","contentUrl":"https://www.hissforbundet.se/wp-content/uploads/2024/12/shutterstock_1817381741.jpg","width":1000,"height":667},{"@type":"BreadcrumbList","@id":"https://www.hissforbundet.se/evenemang/ela-general-assembly/#breadcrumb","itemListElement":[{"@type":"ListItem","position":1,"name":"Home","item":"https://www.hissforbundet.se/"},{"@type":"ListItem","position":2,"name":"Evenemang","item":"https://www.hissforbundet.se/evenemang/"},{"@type":"ListItem","position":3,"name":"ELA General Assembly 2025"}]},{"@type":"WebSite","@id":"https://www.hissforbundet.se/#website","url":"https://www.hissforbundet.se/","name":"Hissförbundet","description":"Höjd säkerhet och ökad levnadsstandard","publisher":{"@id":"https://www.hissforbundet.se/#organization"},"potentialAction":[{"@type":"SearchAction","target":{"@type":"EntryPoint","urlTemplate":"https://www.hissforbundet.se/?s={search_term_string}"},"query-input":"required name=search_term_string"}],"inLanguage":"en-US"},{"@type":"Organization","@id":"https://www.hissforbundet.se/#organization","name":"Hissförbundet","url":"https://www.hissforbundet.se/","logo":{"@type":"ImageObject","inLanguage":"en-US","@id":"https://www.hissforbundet.se/#/schema/logo/image/","url":"https://www.hissforbundet.se/wp-content/uploads/2023/11/Hissforbundet-logotyp.png","contentUrl":"https://www.hissforbundet.se/wp-content/uploads/2023/11/Hissforbundet-logotyp.png","width":3543,"height":469,"caption":"Hissförbundet"},"image":{"@id":"https://www.hissforbundet.se/#/schema/logo/image/"}}]}</script>
<!-- / Yoast SEO plugin. -->

ELA General Assembly 2025 - Hissförbundet

ELA, European Lift Association, är den Europeiska organisationen som verkar för kvalitet, säkerhet och hög teknisk standard på EU-nivå. Den 21-22 maj 2025 arrangeras den årliga konferensen för medlemsländerna.

Hissförbundet
