{"id":1887,"date":"2024-12-05T17:34:59","date_gmt":"2024-12-05T15:34:59","guid":{"rendered":"https:\/\/www.hissforbundet.se\/?post_type=event&#038;p=1887"},"modified":"2025-03-12T18:27:04","modified_gmt":"2025-03-12T16:27:04","slug":"hissforbundets-varmote-2025","status":"publish","type":"event","link":"https:\/\/www.hissforbundet.se\/en\/kalender\/hissforbundets-varmote-2025\/","title":{"rendered":"The Elevator Association&#039;s spring meeting 2025"},"content":{"rendered":"<h4 class=\"wp-block-heading\">Welcome to the Swedish Elevator Association&#039;s spring meeting on Wednesday, May 14. This time we will meet at the Swedish Institute for Standards, SIS, in Stockholm.<\/h4>\n\n\n\n<p>The theme of this year&#039;s spring meeting is accessibility, one of our new focus areas. We will also have the opportunity to update our knowledge of standardization.<\/p>\n\n\n\n<p><strong>Date:<\/strong> Wednesday, May 14<br><strong>Time:<\/strong> 09.30-16.30<br><strong>Place:<\/strong> Swedish Standards Institute, SIS, Solnav\u00e4gen 1E \/ Torsplan, Stockholm<\/p>\n\n\n\n<h4 class=\"wp-block-heading\">Program:<\/h4>\n\n\n\n<p><strong>09.30 Coffee and registration<\/strong><\/p>\n\n\n\n<h4 class=\"wp-block-heading\"><strong>10.00-12.00 Conference section: Accessibility \u2013 become a knowledge carrier<\/strong><\/h4>\n\n\n\n<p>10.00 <em>Welcome &amp; introduction<\/em><\/p>\n\n\n\n<p>10.10 <em>Become a knowledge carrier in accessibility<\/em><br>Karolina Celinska, DHR<\/p>\n\n\n\n<p>11.00 <em>Standards \u2013 how, what and why!<\/em><br>Per-Olof Svensson, project manager for SIS\/TK 211 Elevators and escalators<\/p>\n\n\n\n<p>11.30 <em>New Accessibility Directive and associated harmonized standards<\/em><br>Alexandra Antoni, project manager for SIS\/TK 536 Accessibility Coordination Group<\/p>\n\n\n\n<h4 class=\"wp-block-heading\"><strong>12.00 Lunch<\/strong><\/h4>\n\n\n\n<h4 class=\"wp-block-heading\"><strong>13.00-16.30 Association section: Annual &amp; TSK meeting<\/strong><\/h4>\n\n\n\n<p>13.00 Formal annual meeting<\/p>\n\n\n\n<p>14.00 Constituent board meeting<\/p>\n\n\n\n<p>14.00 Coffee break<\/p>\n\n\n\n<p>14.30 TSK meeting<\/p>\n\n\n\n<p>The deadline for motions is March 31st and the deadline for registration is April 28th.<\/p>\n\n\n\n<p>Welcome!<\/p>","protected":false},"featured_media":2143,"template":"","meta":{"footnotes":""},"acf":[],"yoast_head":"<!-- This site is optimized with the Yoast SEO plugin v22.7 - https:\/\/yoast.com\/wordpress\/plugins\/seo\/ -->\n<title>Hissf\u00f6rbundets v\u00e5rm\u00f6te 2025 - Hissf\u00f6rbundet<\/title>\n<meta name=\"robots\" content=\"index, follow, max-snippet:-1, max-image-preview:large, max-video-preview:-1\" \/>\n<link rel=\"canonical\" href=\"https:\/\/www.hissforbundet.se\/en\/evenemang\/hissforbundets-varmote-2025\/\" \/>\n<meta property=\"og:locale\" content=\"en_US\" \/>\n<meta property=\"og:type\" content=\"article\" \/>\n<meta property=\"og:title\" content=\"Hissf\u00f6rbundets v\u00e5rm\u00f6te 2025 - Hissf\u00f6rbundet\" \/>\n<meta property=\"og:description\" content=\"V\u00e4lkommen till Hissf\u00f6rbundets v\u00e5rm\u00f6te onsdagen den 14 maj. Denna g\u00e5ng tr\u00e4ffas vi hos Svenska institutet f\u00f6r standarder, SIS, i Stockholm. Temat f\u00f6r \u00e5rets v\u00e5rm\u00f6te \u00e4r tillg\u00e4nglighet, ett av v\u00e5ra nya fokusomr\u00e5den. Vi f\u00e5r \u00e4ven m\u00f6jlighet att uppdatera v\u00e5ra kunskaper om standardisering. Datum: onsdagen den 14 majTid: 09.30-16.30Plats: Svenska institutet f\u00f6r standarder, SIS, Solnav\u00e4gen 1E \/ [&hellip;]\" \/>\n<meta property=\"og:url\" content=\"https:\/\/www.hissforbundet.se\/en\/evenemang\/hissforbundets-varmote-2025\/\" \/>\n<meta property=\"og:site_name\" content=\"Hissf\u00f6rbundet\" \/>\n<meta property=\"article:modified_time\" content=\"2025-03-12T16:27:04+00:00\" \/>\n<meta property=\"og:image\" content=\"https:\/\/www.hissforbundet.se\/wp-content\/uploads\/2024\/12\/AdobeStock_298854043.jpg\" \/>\n\t<meta property=\"og:image:width\" content=\"1000\" \/>\n\t<meta property=\"og:image:height\" content=\"469\" \/>\n\t<meta property=\"og:image:type\" content=\"image\/jpeg\" \/>\n<meta name=\"twitter:card\" content=\"summary_large_image\" \/>\n<meta name=\"twitter:label1\" content=\"Est. reading time\" \/>\n\t<meta name=\"twitter:data1\" content=\"1 minute\" \/>\n<script type=\"application\/ld+json\" class=\"yoast-schema-graph\">{\"@context\":\"https:\/\/schema.org\",\"@graph\":[{\"@type\":\"WebPage\",\"@id\":\"https:\/\/www.hissforbundet.se\/evenemang\/hissforbundets-varmote-2025\/\",\"url\":\"https:\/\/www.hissforbundet.se\/evenemang\/hissforbundets-varmote-2025\/\",\"name\":\"Hissf\u00f6rbundets v\u00e5rm\u00f6te 2025 - Hissf\u00f6rbundet\",\"isPartOf\":{\"@id\":\"https:\/\/www.hissforbundet.se\/#website\"},\"primaryImageOfPage\":{\"@id\":\"https:\/\/www.hissforbundet.se\/evenemang\/hissforbundets-varmote-2025\/#primaryimage\"},\"image\":{\"@id\":\"https:\/\/www.hissforbundet.se\/evenemang\/hissforbundets-varmote-2025\/#primaryimage\"},\"thumbnailUrl\":\"https:\/\/www.hissforbundet.se\/wp-content\/uploads\/2024\/12\/AdobeStock_298854043.jpg\",\"datePublished\":\"2024-12-05T15:34:59+00:00\",\"dateModified\":\"2025-03-12T16:27:04+00:00\",\"breadcrumb\":{\"@id\":\"https:\/\/www.hissforbundet.se\/evenemang\/hissforbundets-varmote-2025\/#breadcrumb\"},\"inLanguage\":\"en-US\",\"potentialAction\":[{\"@type\":\"ReadAction\",\"target\":[\"https:\/\/www.hissforbundet.se\/evenemang\/hissforbundets-varmote-2025\/\"]}]},{\"@type\":\"ImageObject\",\"inLanguage\":\"en-US\",\"@id\":\"https:\/\/www.hissforbundet.se\/evenemang\/hissforbundets-varmote-2025\/#primaryimage\",\"url\":\"https:\/\/www.hissforbundet.se\/wp-content\/uploads\/2024\/12\/AdobeStock_298854043.jpg\",\"contentUrl\":\"https:\/\/www.hissforbundet.se\/wp-content\/uploads\/2024\/12\/AdobeStock_298854043.jpg\",\"width\":1000,\"height\":469,\"caption\":\"Over 90 year old active senior lady with walker taking an elevator at the train station, outdoors\"},{\"@type\":\"BreadcrumbList\",\"@id\":\"https:\/\/www.hissforbundet.se\/evenemang\/hissforbundets-varmote-2025\/#breadcrumb\",\"itemListElement\":[{\"@type\":\"ListItem\",\"position\":1,\"name\":\"Home\",\"item\":\"https:\/\/www.hissforbundet.se\/\"},{\"@type\":\"ListItem\",\"position\":2,\"name\":\"Evenemang\",\"item\":\"https:\/\/www.hissforbundet.se\/evenemang\/\"},{\"@type\":\"ListItem\",\"position\":3,\"name\":\"Hissf\u00f6rbundets v\u00e5rm\u00f6te 2025\"}]},{\"@type\":\"WebSite\",\"@id\":\"https:\/\/www.hissforbundet.se\/#website\",\"url\":\"https:\/\/www.hissforbundet.se\/\",\"name\":\"Hissf\u00f6rbundet\",\"description\":\"H\u00f6jd s\u00e4kerhet och \u00f6kad levnadsstandard\",\"publisher\":{\"@id\":\"https:\/\/www.hissforbundet.se\/#organization\"},\"potentialAction\":[{\"@type\":\"SearchAction\",\"target\":{\"@type\":\"EntryPoint\",\"urlTemplate\":\"https:\/\/www.hissforbundet.se\/?s={search_term_string}\"},\"query-input\":\"required name=search_term_string\"}],\"inLanguage\":\"en-US\"},{\"@type\":\"Organization\",\"@id\":\"https:\/\/www.hissforbundet.se\/#organization\",\"name\":\"Hissf\u00f6rbundet\",\"url\":\"https:\/\/www.hissforbundet.se\/\",\"logo\":{\"@type\":\"ImageObject\",\"inLanguage\":\"en-US\",\"@id\":\"https:\/\/www.hissforbundet.se\/#\/schema\/logo\/image\/\",\"url\":\"https:\/\/www.hissforbundet.se\/wp-content\/uploads\/2023\/11\/Hissforbundet-logotyp.png\",\"contentUrl\":\"https:\/\/www.hissforbundet.se\/wp-content\/uploads\/2023\/11\/Hissforbundet-logotyp.png\",\"width\":3543,\"height\":469,\"caption\":\"Hissf\u00f6rbundet\"},\"image\":{\"@id\":\"https:\/\/www.hissforbundet.se\/#\/schema\/logo\/image\/\"}}]}<\/script>\n<!-- \/ Yoast SEO plugin. -->","yoast_head_json":{"title":"Hissf\u00f6rbundets v\u00e5rm\u00f6te 2025 - Hissf\u00f6rbundet","robots":{"index":"index","follow":"follow","max-snippet":"max-snippet:-1","max-image-preview":"max-image-preview:large","max-video-preview":"max-video-preview:-1"},"canonical":"https:\/\/www.hissforbundet.se\/en\/evenemang\/hissforbundets-varmote-2025\/","og_locale":"en_US","og_type":"article","og_title":"Hissf\u00f6rbundets v\u00e5rm\u00f6te 2025 - Hissf\u00f6rbundet","og_description":"V\u00e4lkommen till Hissf\u00f6rbundets v\u00e5rm\u00f6te onsdagen den 14 maj. Denna g\u00e5ng tr\u00e4ffas vi hos Svenska institutet f\u00f6r standarder, SIS, i Stockholm. Temat f\u00f6r \u00e5rets v\u00e5rm\u00f6te \u00e4r tillg\u00e4nglighet, ett av v\u00e5ra nya fokusomr\u00e5den. Vi f\u00e5r \u00e4ven m\u00f6jlighet att uppdatera v\u00e5ra kunskaper om standardisering. Datum: onsdagen den 14 majTid: 09.30-16.30Plats: Svenska institutet f\u00f6r standarder, SIS, Solnav\u00e4gen 1E \/ [&hellip;]","og_url":"https:\/\/www.hissforbundet.se\/en\/evenemang\/hissforbundets-varmote-2025\/","og_site_name":"Hissf\u00f6rbundet","article_modified_time":"2025-03-12T16:27:04+00:00","og_image":[{"width":1000,"height":469,"url":"https:\/\/www.hissforbundet.se\/wp-content\/uploads\/2024\/12\/AdobeStock_298854043.jpg","type":"image\/jpeg"}],"twitter_card":"summary_large_image","twitter_misc":{"Est. reading time":"1 minute"},"schema":{"@context":"https:\/\/schema.org","@graph":[{"@type":"WebPage","@id":"https:\/\/www.hissforbundet.se\/evenemang\/hissforbundets-varmote-2025\/","url":"https:\/\/www.hissforbundet.se\/evenemang\/hissforbundets-varmote-2025\/","name":"Hissf\u00f6rbundets v\u00e5rm\u00f6te 2025 - Hissf\u00f6rbundet","isPartOf":{"@id":"https:\/\/www.hissforbundet.se\/#website"},"primaryImageOfPage":{"@id":"https:\/\/www.hissforbundet.se\/evenemang\/hissforbundets-varmote-2025\/#primaryimage"},"image":{"@id":"https:\/\/www.hissforbundet.se\/evenemang\/hissforbundets-varmote-2025\/#primaryimage"},"thumbnailUrl":"https:\/\/www.hissforbundet.se\/wp-content\/uploads\/2024\/12\/AdobeStock_298854043.jpg","datePublished":"2024-12-05T15:34:59+00:00","dateModified":"2025-03-12T16:27:04+00:00","breadcrumb":{"@id":"https:\/\/www.hissforbundet.se\/evenemang\/hissforbundets-varmote-2025\/#breadcrumb"},"inLanguage":"en-US","potentialAction":[{"@type":"ReadAction","target":["https:\/\/www.hissforbundet.se\/evenemang\/hissforbundets-varmote-2025\/"]}]},{"@type":"ImageObject","inLanguage":"en-US","@id":"https:\/\/www.hissforbundet.se\/evenemang\/hissforbundets-varmote-2025\/#primaryimage","url":"https:\/\/www.hissforbundet.se\/wp-content\/uploads\/2024\/12\/AdobeStock_298854043.jpg","contentUrl":"https:\/\/www.hissforbundet.se\/wp-content\/uploads\/2024\/12\/AdobeStock_298854043.jpg","width":1000,"height":469,"caption":"Over 90 year old active senior lady with walker taking an elevator at the train station, outdoors"},{"@type":"BreadcrumbList","@id":"https:\/\/www.hissforbundet.se\/evenemang\/hissforbundets-varmote-2025\/#breadcrumb","itemListElement":[{"@type":"ListItem","position":1,"name":"Home","item":"https:\/\/www.hissforbundet.se\/"},{"@type":"ListItem","position":2,"name":"Evenemang","item":"https:\/\/www.hissforbundet.se\/evenemang\/"},{"@type":"ListItem","position":3,"name":"Hissf\u00f6rbundets v\u00e5rm\u00f6te 2025"}]},{"@type":"WebSite","@id":"https:\/\/www.hissforbundet.se\/#website","url":"https:\/\/www.hissforbundet.se\/","name":"The Elevator Association","description":"Increased security and increased standard of living","publisher":{"@id":"https:\/\/www.hissforbundet.se\/#organization"},"potentialAction":[{"@type":"SearchAction","target":{"@type":"EntryPoint","urlTemplate":"https:\/\/www.hissforbundet.se\/?s={search_term_string}"},"query-input":"required name=search_term_string"}],"inLanguage":"en-US"},{"@type":"Organization","@id":"https:\/\/www.hissforbundet.se\/#organization","name":"The Elevator Association","url":"https:\/\/www.hissforbundet.se\/","logo":{"@type":"ImageObject","inLanguage":"en-US","@id":"https:\/\/www.hissforbundet.se\/#\/schema\/logo\/image\/","url":"https:\/\/www.hissforbundet.se\/wp-content\/uploads\/2023\/11\/Hissforbundet-logotyp.png","contentUrl":"https:\/\/www.hissforbundet.se\/wp-content\/uploads\/2023\/11\/Hissforbundet-logotyp.png","width":3543,"height":469,"caption":"Hissf\u00f6rbundet"},"image":{"@id":"https:\/\/www.hissforbundet.se\/#\/schema\/logo\/image\/"}}]}},"_links":{"self":[{"href":"https:\/\/www.hissforbundet.se\/en\/wp-json\/wp\/v2\/event\/1887"}],"collection":[{"href":"https:\/\/www.hissforbundet.se\/en\/wp-json\/wp\/v2\/event"}],"about":[{"href":"https:\/\/www.hissforbundet.se\/en\/wp-json\/wp\/v2\/types\/event"}],"version-history":[{"count":12,"href":"https:\/\/www.hissforbundet.se\/en\/wp-json\/wp\/v2\/event\/1887\/revisions"}],"predecessor-version":[{"id":2152,"href":"https:\/\/www.hissforbundet.se\/en\/wp-json\/wp\/v2\/event\/1887\/revisions\/2152"}],"wp:featuredmedia":[{"embeddable":true,"href":"https:\/\/www.hissforbundet.se\/en\/wp-json\/wp\/v2\/media\/2143"}],"wp:attachment":[{"href":"https:\/\/www.hissforbundet.se\/en\/wp-json\/wp\/v2\/media?parent=1887"}],"curies":[{"name":"wp","href":"https:\/\/api.w.org\/{rel}","templated":true}]}}

<h4 class="wp-block-heading">Welcome to the Swedish Elevator Association&#039;s spring meeting on Wednesday, May 14. This time we will meet at the Swedish Institute for Standards, SIS, in Stockholm.</h4>



<p>The theme of this year&#039;s spring meeting is accessibility, one of our new focus areas. We will also have the opportunity to update our knowledge of standardization.</p>



<p><strong>Date:</strong> Wednesday, May 14<br><strong>Time:</strong> 09.30-16.30<br><strong>Place:</strong> Swedish Standards Institute, SIS, Solnavägen 1E / Torsplan, Stockholm</p>



<h4 class="wp-block-heading">Program:</h4>



<p><strong>09.30 Coffee and registration</strong></p>



<h4 class="wp-block-heading"><strong>10.00-12.00 Conference section: Accessibility – become a knowledge carrier</strong></h4>



<p>10.00 <em>Welcome &amp; introduction</em></p>



<p>10.10 <em>Become a knowledge carrier in accessibility</em><br>Karolina Celinska, DHR</p>



<p>11.00 <em>Standards – how, what and why!</em><br>Per-Olof Svensson, project manager for SIS/TK 211 Elevators and escalators</p>



<p>11.30 <em>New Accessibility Directive and associated harmonized standards</em><br>Alexandra Antoni, project manager for SIS/TK 536 Accessibility Coordination Group</p>



<h4 class="wp-block-heading"><strong>12.00 Lunch</strong></h4>



<h4 class="wp-block-heading"><strong>13.00-16.30 Association section: Annual &amp; TSK meeting</strong></h4>



<p>13.00 Formal annual meeting</p>



<p>14.00 Constituent board meeting</p>



<p>14.00 Coffee break</p>



<p>14.30 TSK meeting</p>



<p>The deadline for motions is March 31st and the deadline for registration is April 28th.</p>



<p>Welcome!</p>

<!-- This site is optimized with the Yoast SEO plugin v22.7 - https://yoast.com/wordpress/plugins/seo/ -->
<title>Hissförbundets vårmöte 2025 - Hissförbundet</title>
<meta name="robots" content="index, follow, max-snippet:-1, max-image-preview:large, max-video-preview:-1" />
<link rel="canonical" href="https://www.hissforbundet.se/en/evenemang/hissforbundets-varmote-2025/" />
<meta property="og:locale" content="en_US" />
<meta property="og:type" content="article" />
<meta property="og:title" content="Hissförbundets vårmöte 2025 - Hissförbundet" />
<meta property="og:description" content="Välkommen till Hissförbundets vårmöte onsdagen den 14 maj. Denna gång träffas vi hos Svenska institutet för standarder, SIS, i Stockholm. Temat för årets vårmöte är tillgänglighet, ett av våra nya fokusområden. Vi får även möjlighet att uppdatera våra kunskaper om standardisering. Datum: onsdagen den 14 majTid: 09.30-16.30Plats: Svenska institutet för standarder, SIS, Solnavägen 1E / [&hellip;]" />
<meta property="og:url" content="https://www.hissforbundet.se/en/evenemang/hissforbundets-varmote-2025/" />
<meta property="og:site_name" content="Hissförbundet" />
<meta property="article:modified_time" content="2025-03-12T16:27:04+00:00" />
<meta property="og:image" content="https://www.hissforbundet.se/wp-content/uploads/2024/12/AdobeStock_298854043.jpg" />
	<meta property="og:image:width" content="1000" />
	<meta property="og:image:height" content="469" />
	<meta property="og:image:type" content="image/jpeg" />
<meta name="twitter:card" content="summary_large_image" />
<meta name="twitter:label1" content="Est. reading time" />
	<meta name="twitter:data1" content="1 minute" />
<script type="application/ld+json" class="yoast-schema-graph">{"@context":"https://schema.org","@graph":[{"@type":"WebPage","@id":"https://www.hissforbundet.se/evenemang/hissforbundets-varmote-2025/","url":"https://www.hissforbundet.se/evenemang/hissforbundets-varmote-2025/","name":"Hissförbundets vårmöte 2025 - Hissförbundet","isPartOf":{"@id":"https://www.hissforbundet.se/#website"},"primaryImageOfPage":{"@id":"https://www.hissforbundet.se/evenemang/hissforbundets-varmote-2025/#primaryimage"},"image":{"@id":"https://www.hissforbundet.se/evenemang/hissforbundets-varmote-2025/#primaryimage"},"thumbnailUrl":"https://www.hissforbundet.se/wp-content/uploads/2024/12/AdobeStock_298854043.jpg","datePublished":"2024-12-05T15:34:59+00:00","dateModified":"2025-03-12T16:27:04+00:00","breadcrumb":{"@id":"https://www.hissforbundet.se/evenemang/hissforbundets-varmote-2025/#breadcrumb"},"inLanguage":"en-US","potentialAction":[{"@type":"ReadAction","target":["https://www.hissforbundet.se/evenemang/hissforbundets-varmote-2025/"]}]},{"@type":"ImageObject","inLanguage":"en-US","@id":"https://www.hissforbundet.se/evenemang/hissforbundets-varmote-2025/#primaryimage","url":"https://www.hissforbundet.se/wp-content/uploads/2024/12/AdobeStock_298854043.jpg","contentUrl":"https://www.hissforbundet.se/wp-content/uploads/2024/12/AdobeStock_298854043.jpg","width":1000,"height":469,"caption":"Over 90 year old active senior lady with walker taking an elevator at the train station, outdoors"},{"@type":"BreadcrumbList","@id":"https://www.hissforbundet.se/evenemang/hissforbundets-varmote-2025/#breadcrumb","itemListElement":[{"@type":"ListItem","position":1,"name":"Home","item":"https://www.hissforbundet.se/"},{"@type":"ListItem","position":2,"name":"Evenemang","item":"https://www.hissforbundet.se/evenemang/"},{"@type":"ListItem","position":3,"name":"Hissförbundets vårmöte 2025"}]},{"@type":"WebSite","@id":"https://www.hissforbundet.se/#website","url":"https://www.hissforbundet.se/","name":"Hissförbundet","description":"Höjd säkerhet och ökad levnadsstandard","publisher":{"@id":"https://www.hissforbundet.se/#organization"},"potentialAction":[{"@type":"SearchAction","target":{"@type":"EntryPoint","urlTemplate":"https://www.hissforbundet.se/?s={search_term_string}"},"query-input":"required name=search_term_string"}],"inLanguage":"en-US"},{"@type":"Organization","@id":"https://www.hissforbundet.se/#organization","name":"Hissförbundet","url":"https://www.hissforbundet.se/","logo":{"@type":"ImageObject","inLanguage":"en-US","@id":"https://www.hissforbundet.se/#/schema/logo/image/","url":"https://www.hissforbundet.se/wp-content/uploads/2023/11/Hissforbundet-logotyp.png","contentUrl":"https://www.hissforbundet.se/wp-content/uploads/2023/11/Hissforbundet-logotyp.png","width":3543,"height":469,"caption":"Hissförbundet"},"image":{"@id":"https://www.hissforbundet.se/#/schema/logo/image/"}}]}</script>
<!-- / Yoast SEO plugin. -->

Hissförbundets vårmöte 2025 - Hissförbundet

Välkommen till Hissförbundets vårmöte onsdagen den 14 maj. Denna gång träffas vi hos Svenska institutet för standarder, SIS, i Stockholm. Temat för årets vårmöte är tillgänglighet, ett av våra nya fokusområden. Vi får även möjlighet att uppdatera våra kunskaper om standardisering. Datum: onsdagen den 14 majTid: 09.30-16.30Plats: Svenska institutet för standarder, SIS, Solnavägen 1E / [&hellip;]

Hissförbundet

Hissförbundets vårmöte 2025
