{"version":"1.0","provider_name":"The Elevator Association","provider_url":"https:\/\/www.hissforbundet.se\/en","author_name":"admin","author_url":"https:\/\/www.hissforbundet.se\/en\/author\/hissforbundet\/","title":"S\u00e4kerhetsansvaret vilar p\u00e5 \u00e4garens axlar - Hissf\u00f6rbundet","type":"rich","width":600,"height":338,"html":"<blockquote class=\"wp-embedded-content\" data-secret=\"enKsXPYdDl\"><a href=\"https:\/\/www.hissforbundet.se\/en\/2023\/11\/21\/sakerhetsansvaret-vilar-pa-agarens-axlar\/\">Safety responsibility rests on the owner&#039;s shoulders<\/a><\/blockquote><iframe sandbox=\"allow-scripts\" security=\"restricted\" src=\"https:\/\/www.hissforbundet.se\/en\/2023\/11\/21\/sakerhetsansvaret-vilar-pa-agarens-axlar\/embed\/#?secret=enKsXPYdDl\" width=\"600\" height=\"338\" title=\"\u201cSafety responsibility rests on the owner\u2019s shoulders\u201d \u2014 The Swedish Elevator Association\" data-secret=\"enKsXPYdDl\" frameborder=\"0\" marginwidth=\"0\" marginheight=\"0\" scrolling=\"no\" class=\"wp-embedded-content\"><\/iframe><script type=\"text\/javascript\">\n\/* <![CDATA[ *\/\n\/*! This file is auto-generated *\/\n!function(d,l){\"use strict\";l.querySelector&&d.addEventListener&&\"undefined\"!=typeof URL&&(d.wp=d.wp||{},d.wp.receiveEmbedMessage||(d.wp.receiveEmbedMessage=function(e){var t=e.data;if((t||t.secret||t.message||t.value)&&!\/[^a-zA-Z0-9]\/.test(t.secret)){for(var s,r,n,a=l.querySelectorAll('iframe[data-secret=\"'+t.secret+'\"]'),o=l.querySelectorAll('blockquote[data-secret=\"'+t.secret+'\"]'),c=new RegExp(\"^https?:$\",\"i\"),i=0;i<o.length;i++)o[i].style.display=\"none\";for(i=0;i<a.length;i++)s=a[i],e.source===s.contentWindow&&(s.removeAttribute(\"style\"),\"height\"===t.message?(1e3<(r=parseInt(t.value,10))?r=1e3:~~r<200&&(r=200),s.height=r):\"link\"===t.message&&(r=new URL(s.getAttribute(\"src\")),n=new URL(t.value),c.test(n.protocol))&&n.host===r.host&&l.activeElement===s&&(d.top.location.href=t.value))}},d.addEventListener(\"message\",d.wp.receiveEmbedMessage,!1),l.addEventListener(\"DOMContentLoaded\",function(){for(var e,t,s=l.querySelectorAll(\"iframe.wp-embedded-content\"),r=0;r<s.length;r++)(t=(e=s[r]).getAttribute(\"data-secret\"))||(t=Math.random().toString(36).substring(2,12),e.src+=\"#?secret=\"+t,e.setAttribute(\"data-secret\",t)),e.contentWindow.postMessage({message:\"ready\",secret:t},\"*\")},!1)))}(window,document);\n\/* ]]> *\/\n<\/script>","thumbnail_url":"https:\/\/www.hissforbundet.se\/wp-content\/uploads\/2023\/10\/shutterstock_1979883002.jpg","thumbnail_width":1000,"thumbnail_height":667,"description":"Varje \u00e5r sker det olyckor med hissar. M\u00e5nga tror att ansvaret f\u00f6r hissens s\u00e4kerhet ligger p\u00e5 besiktningsorganet eller servicef\u00f6retaget. Service och underh\u00e5ll kan utkontrakteras, men aldrig ansvaret. Det \u00e4r \u00e4garen som \u00e4r ansvarig f\u00f6r s\u00e4kerheten. D\u00e4rf\u00f6r kickar Hissf\u00f6rbundet nu ig\u00e5ng en informationskampanj p\u00e5 detta tema och bjuder in medlemsf\u00f6retagen att sprida budskapet! Informationsbladet&nbsp;S\u00e4kerhetsansvaret vilar p\u00e5 [&hellip;]"}

Säkerhetsansvaret vilar på ägarens axlar - Hissförbundet

Varje år sker det olyckor med hissar. Många tror att ansvaret för hissens säkerhet ligger på besiktningsorganet eller serviceföretaget. Service och underhåll kan utkontrakteras, men aldrig ansvaret. Det är ägaren som är ansvarig för säkerheten. Därför kickar Hissförbundet nu igång en informationskampanj på detta tema och bjuder in medlemsföretagen att sprida budskapet! Informationsbladet&nbsp;Säkerhetsansvaret vilar på [&hellip;]
